In base 12, what is -41 - -89?
48
In base 6, what is 31405 + 0?
31405
In base 12, what is -40a7 + -4?
-40ab
In base 7, what is 2 + -152?
-150
In base 4, what is 1 - 233?
-232
In base 3, what is 12 - -101101?
101120
In base 9, what is -16 - -2?
-14
In base 6, what is -24 - 423?
-451
In base 3, what is -20 + 1102120?
1102100
In base 8, what is 46 + -445?
-377
In base 11, what is -799 - 3?
-7a1
In base 4, what is -2 - 200?
-202
In base 9, what is 151 + -317?
-156
In base 7, what is -203 + 0?
-203
In base 2, what is -110011010 + 10001?
-110001001
In base 10, what is -8925 + -5?
-8930
In base 7, what is -2235 - 6?
-2244
In base 7, what is -6653 + 3?
-6650
In base 4, what is -10210 + 1?
-10203
In base 9, what is -5553 + -3?
-5556
In base 5, what is 112 + 1?
113
In base 5, what is 2410 - 2?
2403
In base 11, what is 13 - 2?
11
In base 14, what is 1 - 957?
-956
In base 8, what is -4 + -37?
-43
In base 15, what is 397 - -1?
398
In base 15, what is -147b + -3?
-147e
In base 15, what is -bc - 3?
-c0
In base 10, what is 5767 - 2?
5765
In base 4, what is 2 - 12212?
-12210
In base 6, what is -2 - 1300?
-1302
In base 12, what is -2a + 2?
-28
In base 14, what is 3 + -10?
-b
In base 13, what is -1 - 2?
-3
In base 14, what is 0 + -29?
-29
In base 12, what is 23 - -a?
31
In base 6, what is 254 + -213?
41
In base 16, what is 0 - -257?
257
In base 3, what is 201122 - 102?
201020
In base 15, what is 33 + -3?
30
In base 3, what is -2222112 - -1?
-2222111
In base 10, what is -36 + -3?
-39
In base 11, what is 4 + 53?
57
In base 15, what is 1b5e + 1?
1b60
In base 13, what is 7 - 40?
-36
In base 4, what is -312212 + 11?
-312201
In base 10, what is 55 + 6?
61
In base 3, what is -20 - -120011?
112221
In base 11, what is 14 - -117?
130
In base 8, what is -315 - -1?
-314
In base 15, what is -138c + 0?
-138c
In base 11, what is -608 - 4?
-611
In base 13, what is 4 - -303?
307
In base 12, what is -b - -27?
18
In base 7, what is 3 - 245?
-242
In base 10, what is -738 - -5?
-733
In base 5, what is 31 - 2412?
-2331
In base 14, what is -121 - -5?
-11a
In base 8, what is 0 + 264?
264
In base 11, what is -135 + 4?
-131
In base 13, what is -b - b6?
-c4
In base 3, what is -2121 - 112?
-10010
In base 4, what is -23 + 11122?
11033
In base 10, what is 1 - -47?
48
In base 6, what is -324 - -1?
-323
In base 8, what is -226 - -7?
-217
In base 11, what is -12a + 7?
-123
In base 16, what is 84 - -5?
89
In base 4, what is -21113 - -2?
-21111
In base 3, what is -1222 - -20211?
11212
In base 9, what is 2 + 473?
475
In base 5, what is -23 + -3342?
-3420
In base 2, what is 10 - 10101?
-10011
In base 14, what is 138 + -1?
137
In base 5, what is 1123 + -2?
1121
In base 16, what is 3 - -5e?
61
In base 5, what is 122111 - -10?
122121
In base 5, what is 13 - -12?
30
In base 8, what is 33 + -5?
26
In base 7, what is 4 + 26?
33
In base 11, what is -516 - -2?
-514
In base 4, what is 10 - -2203?
2213
In base 4, what is 10 + 323?
333
In base 3, what is 12 + -1202?
-1120
In base 12, what is -33 + 4?
-2b
In base 2, what is -1001111 - -1111?
-1000000
In base 4, what is -1 - 211?
-212
In base 16, what is -3f - -1a?
-25
In base 10, what is -129 - -1?
-128
In base 14, what is -3 - -3a?
37
In base 8, what is -154 + 2?
-152
In base 13, what is -2 + -12?
-14
In base 12, what is 84 + 51?
115
In base 9, what is 642 - -4?
646
In base 5, what is -1433 - 4?
-1442
In base 13, what is 391 - 6?
388
In base 15, what is -31 + 2?
-2e
In base 15, what is a - 329?
-31e
In base 2, what is 1100111 - -1?
1101000
In base 5, what is -2132434 + -1?
-2132440
In base 3, what is 22 + 2?
101
In base 14, what is -63c - -3?
-639
In base 13, what is -5c - -9?
-53
In base 14, what is -5 + 1b67?
1b62
In base 15, what is 4d + 4?
52
In base 2, what is -1110111 - -100?
-1110011
In base 11, what is -7986 - -2?
-7984
In base 2, what is -10110 - -1001?
-1101
In base 13, what is -3 + -665?
-668
In base 3, what is -121211 + -110?
-122021
In base 14, what is -4 + 1c?
18
In base 12, what is 186 - -1?
187
In base 11, what is -5 - 19a?
-1a4
In base 2, what is 11100 - 101001?
-1101
In base 11, what is 3 + -35?
-32
In base 4, what is -10 + 301300?
301230
In base 5, what is 104 + -12?
42
In base 8, what is -11 + -66?
-77
In base 3, what is 1100 + 11211?
20011
In base 5, what is -2042 - 4?
-2101
In base 12, what is 45 - -31?
76
In base 16, what is -4a61 + -3?
-4a64
In base 4, what is -1 - -11023?
11022
In base 5, what is 1 + -120?
-114
In base 2, what is -1000001111 + -110?
-1000010101
In base 8, what is -5 + 217?
212
In base 5, what is 1400 - -23?
1423
In base 11, what is -35 - -4?
-31
In base 13, what is -1 + -c49?
-c4a
In base 8, what is 13464 - 2?
13462
In base 2, what is -10 + 100111?
100101
In base 9, what is -172 - 45?
-227
In base 14, what is -3 - 9?
-c
In base 5, what is 12 + 10?
22
In base 15, what is -50 - 24?
-74
In base 5, what is -10 + -142?
-202
In base 2, what is -10011011 - 1000?
-10100011
In base 8, what is 42 + 0?
42
In base 5, what is -231 - 233?
-1014
In base 16, what is -1 - 1a?
-1b
In base 8, what is -6736 + -3?
-6741
In base 5, what is -1 - -113333?
113332
In base 10, what is 208 + 1?
209
In base 13, what is -c - 5?
-14
In base 11, what is -9 - -22a?
221
In base 13, what is -2 - -b8?
b6
In base 10, what is 5 - 334?
-329
In base 2, what is -1 + -111101?
-111110
In base 10, what is 9 - 11?
-2
In base 16, what is -4 - 2d1?
-2d5
In base 14, what is 7 - 25?
-1c
In base 9, what is 3 - -1300?
1303
In base 2, what is -10 - -1111100011011?
1111100011001
In base 4, what is 110 - -110030?
110200
In base 16, what is 3 - 396?
-393
In base 6, what is 5 + -2?
3
In base 2, what is -110101 + -10?
-110111
In base 16, what is 4 - 53?
-4f
In base 15, what is a7 + 6d?
125
In base 15, what is c + 37d?
38a
In base 9, what is 142 + -5?
136
In base 2, what is 1101001 - -1?
1101010
In base 12, what is 19 + -6?
13
In base 13, what is 202 + 4?
206
In base 10, what is 26 + -14?
12
In base 7, what is -2 + 130?
125
In base 4, what is 20322 + 13?
21001
In base 3, what is -1 + -202100?
-202101
In base 6, what is 3 + -233?
-230
In base 3, what is -112121110 - -11?
-112121022
In base 11, what is 302 - -3?
305
In base 8, what is 0 - -4263?
4263
In base 6, what is 1242 + -4?
1234
In base 2, what is -10001001 - -1?
-10001000
In base 14, what is -14 - 1?
-15
In base 11, what is 10 - -14?
24
In base 4, what is -111 - 22?
-133
In base 5, what is 24221 - 10?
24211
In base 9, what is -5 + 250?
244
In base 5, what is -43144 - -3?
-43141
In base 2, what is 1 - 111100111?
-111100110
In base 12, what is 5 + 139?
142
In base 8, what is 14 + -750?
-734
In base 7, what is 3 - 203?
-200
In base 11, what is 2 - 22?
-20
In base 13, what is 189 - 5?
184
In base 7, what is 32 - 45?
-13
In base 2, what is -1001100110 + -1001?
-1001101111
In base 4, what is 2103 + 10?
2113
In base 14, what is -249 - 4?
-24d
In base 8, what is 521 + -5?
514
In base 8, what is 0 + -260?
-260
In base 8, what is -23 + -15?
-40
In base 8, what is 511 - -4?
515
In base 16, what is 48d + 7?
494
In base 6, what is 33 - -555?
1032
In base 9, what is 3451 - 3?
3447
In base 2, what is 10 - 111000110010?
-111000110000
In base 14, what is -2 - -b99?
b97
In base 5, what is -3234 - -10?
-3224
In base 12, what is -2 + 524?
522
In base 16, what is -2 - -6c4?
6c2
In base 8, what is -124 - -237?
113
In base 13, what is -1a - 0?
-1a
In base 4, what is -123 - 10?
-133
In base 3, what is 10 + -2012220?
-2012210
In base 7, what is 3 - -3602?
3605
In base 11, what is 5 + -559?
-554
In base 2, what is 111 + 110010?
111001
In base 6, what is 114 + 1?
115
In base 10, what is 121 + -5?
116
In base 11, what is -10 - 52?
-62
In base 7, what is -3352 + -5?
-3360
In base 12, what is 5 - -b0?
b5
In base 13, what is c - b00?
-ac1
In base 16, what is -4e05 - -4?
-4e01
In base 5, what is 23 - 10142?
-10114
In base 9, what is 25 - 102?
-66
In base 15, what is -2 + -30?
-32
In base 7, what is -104 - 1?
-105
In base 6, what is -1112 + 4?
-1104
In base 3, what is -2012001 - 1?
-2012002
In base 8, what is 67 + -242?
-153
In base 8, what is 1032 + 2?
1034
In base 16, what is 9 - -4?
d
In base 3, what is 0 + -112101?
-112101
In base 13, what is -4 + 291?
28a
In base 2, what is -1010000 + 1001?
-1000111
In base 6, what is -4 - -535?
531
In base 1